{"id":863,"date":"2023-12-06T00:29:29","date_gmt":"2023-12-05T21:29:29","guid":{"rendered":"https:\/\/xn--duyapyaynlar-84be.com\/?page_id=863"},"modified":"2024-01-02T02:42:32","modified_gmt":"2024-01-01T23:42:32","slug":"kipirtisiz-firtina","status":"publish","type":"page","link":"https:\/\/xn--duyapyaynlar-84be.com\/?page_id=863","title":{"rendered":"K\u0131p\u0131rt\u0131s\u0131z F\u0131rt\u0131na"},"content":{"rendered":"\t\t<div data-elementor-type=\"wp-page\" data-elementor-id=\"863\" class=\"elementor elementor-863\">\n\t\t\t\t<div class=\"elementor-element elementor-element-dcaf873 e-flex e-con-boxed e-con e-parent\" data-id=\"dcaf873\" data-element_type=\"container\" data-settings=\"{&quot;content_width&quot;:&quot;boxed&quot;}\" data-core-v316-plus=\"true\">\n\t\t\t\t\t<div class=\"e-con-inner\">\n\t\t\t\t<div class=\"elementor-element elementor-element-0c774f6 elementor-widget elementor-widget-heading\" data-id=\"0c774f6\" data-element_type=\"widget\" data-widget_type=\"heading.default\">\n\t\t\t\t<div class=\"elementor-widget-container\">\n\t\t\t<style>\/*! elementor - v3.19.0 - 28-02-2024 *\/\n.elementor-heading-title{padding:0;margin:0;line-height:1}.elementor-widget-heading .elementor-heading-title[class*=elementor-size-]>a{color:inherit;font-size:inherit;line-height:inherit}.elementor-widget-heading .elementor-heading-title.elementor-size-small{font-size:15px}.elementor-widget-heading .elementor-heading-title.elementor-size-medium{font-size:19px}.elementor-widget-heading .elementor-heading-title.elementor-size-large{font-size:29px}.elementor-widget-heading .elementor-heading-title.elementor-size-xl{font-size:39px}.elementor-widget-heading .elementor-heading-title.elementor-size-xxl{font-size:59px}<\/style><h2 class=\"elementor-heading-title elementor-size-default\">K\u0131p\u0131rt\u0131s\u0131z F\u0131rt\u0131na\n<\/h2>\t\t<\/div>\n\t\t\t\t<\/div>\n\t\t\t\t\t<\/div>\n\t\t\t\t<\/div>\n\t\t<div class=\"elementor-element elementor-element-2a01094 e-con-full e-flex e-con e-parent\" data-id=\"2a01094\" data-element_type=\"container\" data-settings=\"{&quot;content_width&quot;:&quot;full&quot;,&quot;background_background&quot;:&quot;classic&quot;}\" data-core-v316-plus=\"true\">\n\t\t<div class=\"elementor-element elementor-element-b9fd242 e-con-full e-flex e-con e-child\" data-id=\"b9fd242\" data-element_type=\"container\" data-settings=\"{&quot;content_width&quot;:&quot;full&quot;}\">\n\t\t\t\t<div class=\"elementor-element elementor-element-cb3596b elementor-widget elementor-widget-image\" data-id=\"cb3596b\" data-element_type=\"widget\" data-widget_type=\"image.default\">\n\t\t\t\t<div class=\"elementor-widget-container\">\n\t\t\t<style>\/*! elementor - v3.19.0 - 28-02-2024 *\/\n.elementor-widget-image{text-align:center}.elementor-widget-image a{display:inline-block}.elementor-widget-image a img[src$=\".svg\"]{width:48px}.elementor-widget-image img{vertical-align:middle;display:inline-block}<\/style>\t\t\t\t\t\t\t\t\t\t<img fetchpriority=\"high\" decoding=\"async\" width=\"217\" height=\"300\" src=\"https:\/\/xn--duyapyaynlar-84be.com\/wp-content\/uploads\/2023\/12\/Picture6-217x300.png\" class=\"attachment-medium size-medium wp-image-1154\" alt=\"\" srcset=\"https:\/\/xn--duyapyaynlar-84be.com\/wp-content\/uploads\/2023\/12\/Picture6-217x300.png 217w, https:\/\/xn--duyapyaynlar-84be.com\/wp-content\/uploads\/2023\/12\/Picture6.png 504w\" sizes=\"(max-width: 217px) 100vw, 217px\" \/>\t\t\t\t\t\t\t\t\t\t\t\t\t<\/div>\n\t\t\t\t<\/div>\n\t\t\t\t<\/div>\n\t\t<div class=\"elementor-element elementor-element-80f291e e-con-full e-flex e-con e-child\" data-id=\"80f291e\" data-element_type=\"container\" data-settings=\"{&quot;content_width&quot;:&quot;full&quot;}\">\n\t\t\t\t<div class=\"elementor-element elementor-element-c05dfd1 elementor-widget elementor-widget-text-editor\" data-id=\"c05dfd1\" data-element_type=\"widget\" data-widget_type=\"text-editor.default\">\n\t\t\t\t<div class=\"elementor-widget-container\">\n\t\t\t<style>\/*! elementor - v3.19.0 - 28-02-2024 *\/\n.elementor-widget-text-editor.elementor-drop-cap-view-stacked .elementor-drop-cap{background-color:#69727d;color:#fff}.elementor-widget-text-editor.elementor-drop-cap-view-framed .elementor-drop-cap{color:#69727d;border:3px solid;background-color:transparent}.elementor-widget-text-editor:not(.elementor-drop-cap-view-default) .elementor-drop-cap{margin-top:8px}.elementor-widget-text-editor:not(.elementor-drop-cap-view-default) .elementor-drop-cap-letter{width:1em;height:1em}.elementor-widget-text-editor .elementor-drop-cap{float:left;text-align:center;line-height:1;font-size:50px}.elementor-widget-text-editor .elementor-drop-cap-letter{display:inline-block}<\/style>\t\t\t\t<h4><strong><span style=\"font-style: inherit; text-align: var(--text-align); background-color: var(--ast-global-color-4); color: var(--ast-global-color-3);\">Mehmet Ali M\u00fcstecapl\u0131o\u011flu<\/span><\/strong><\/h4>\n<p><b>\u0130stanbul: DUYAP Medya Yay\u0131nc\u0131l\u0131k, 2023, (<\/b><b>Piya<\/b><b> Matbaas\u0131)<\/b><\/p>\n<p><b>295 s. + Resim.<\/b><\/p>\n<p><b>uzak bir adada alt\u0131 ay yazmak ve d\u00fc\u015f\u00fcnmek \u00fcst\u00fcne. hikayeler ve yay\u0131nlanmam\u0131\u015f roman m\u00fcsveddeleri ilk o zaman ba\u015flad\u0131. sonra bir sanat dergisine dan\u0131\u015fmanl\u0131k yaparken son iki sayfaya sen bir \u015feyler yaz dediler. o bir \u015feyleri on sene boyunca hi\u00e7bir kar\u015f\u0131l\u0131k beklemeden yazd\u0131m durdum. g\u00fcncel olaylar, dedikodular, olmamas\u0131 gerekenler \u00fcst\u00fcne bilin\u00e7 ak\u0131\u015f\u0131. su gibi geldiler, bazen yazd\u0131klar\u0131m bana aitmi\u015f gibi gelmedi. halen de d\u00f6n\u00fcp bakt\u0131\u011f\u0131mda yazd\u0131klar\u0131m\u0131n tamam\u0131 bana ait diyemiyorum. asl\u0131nda ya\u015fad\u0131klar\u0131m\u0131z\u0131n tamam\u0131 bize ait de\u011fil. sadece bize ait olmalar\u0131n\u0131 seviyoruz. yada birileri yak\u0131\u015ft\u0131r\u0131yor. i\u015fte o yaz\u0131lanlar\u0131 bir araya toplamak fikri gelip \u00e7att\u0131\u011f\u0131nda, kendi s\u00f6k\u00fc\u011f\u00fcn\u00fc dikemeyen terzi olman\u0131n s\u0131ras\u0131n\u0131n geldi\u011fini anlay\u0131verdim. grafik tasar\u0131mc\u0131 olarak kapa\u011f\u0131n\u0131, hatta kitab\u0131 tasarlamam gerekti\u011fi ger\u00e7e\u011fi gelip oturdu masaya. anlad\u0131m. fikirler size ait olsa bile, onlar\u0131 tasarlamak ba\u015fkas\u0131n\u0131n i\u015fi olmal\u0131, i\u015f ki\u015fiselle\u015fince. belki sadece kapa\u011f\u0131 tasarlar\u0131m. ama biri dilini, bilgisini g\u00f6zden ge\u00e7irmeli. en az\u0131ndan -de -da hallerini. kitapta bu konuda bir\u00e7ok hata var. ama ben oldu\u011fum i\u00e7in. h\u00e2l\u00e2 ay\u0131ramad\u0131\u011f\u0131m i\u00e7in. m\u00fckemmel g\u00f6z\u00fcks\u00fcn istesem d\u00fczeltecekti <\/b><b>harun<\/b><b> bey. istemedim. hatal\u0131, yar\u0131m, yamalak, <\/b><b>mustecabi<\/b><b> olarak kals\u0131n istedim.<\/b><\/p>\n<blockquote>(Sipari\u015f vermek i\u00e7in 0532 722 23 94, sisterduman@yahoo.com.tr)<\/blockquote>\t\t\t\t\t\t<\/div>\n\t\t\t\t<\/div>\n\t\t\t\t<\/div>\n\t\t\t\t<\/div>\n\t\t\t\t<\/div>\n\t\t","protected":false},"excerpt":{"rendered":"<p>K\u0131p\u0131rt\u0131s\u0131z F\u0131rt\u0131na Mehmet Ali M\u00fcstecapl\u0131o\u011flu \u0130stanbul: DUYAP Medya Yay\u0131nc\u0131l\u0131k, 2023, (Piya Matbaas\u0131) 295 s. + Resim. uzak bir adada alt\u0131 ay yazmak ve d\u00fc\u015f\u00fcnmek \u00fcst\u00fcne. hikayeler ve yay\u0131nlanmam\u0131\u015f roman m\u00fcsveddeleri ilk o zaman ba\u015flad\u0131. sonra bir sanat dergisine dan\u0131\u015fmanl\u0131k yaparken son iki sayfaya sen bir \u015feyler yaz dediler. o bir \u015feyleri on sene boyunca hi\u00e7bir &hellip;<\/p>\n<p class=\"read-more\"> <a class=\"\" href=\"https:\/\/xn--duyapyaynlar-84be.com\/?page_id=863\"> <span class=\"screen-reader-text\">K\u0131p\u0131rt\u0131s\u0131z F\u0131rt\u0131na<\/span> Devam\u0131 &raquo;<\/a><\/p>\n","protected":false},"author":1,"featured_media":0,"parent":0,"menu_order":0,"comment_status":"closed","ping_status":"closed","template":"","meta":{"om_disable_all_campaigns":false,"_monsterinsights_skip_tracking":false,"_monsterinsights_sitenote_active":false,"_monsterinsights_sitenote_note":"","_monsterinsights_sitenote_category":0,"site-sidebar-layout":"no-sidebar","site-content-layout":"page-builder","ast-site-content-layout":"full-width-container","site-content-style":"default","site-sidebar-style":"default","ast-global-header-display":"","ast-banner-title-visibility":"","ast-main-header-display":"","ast-hfb-above-header-display":"","ast-hfb-below-header-display":"","ast-hfb-mobile-header-display":"","site-post-title":"disabled","ast-breadcrumbs-content":"","ast-featured-img":"disabled","footer-sml-layout":"","theme-transparent-header-meta":"","adv-header-id-meta":"","stick-header-meta":"","header-above-stick-meta":"","header-main-stick-meta":"","header-below-stick-meta":"","astra-migrate-meta-layouts":"","ast-page-background-enabled":"default","ast-page-background-meta":{"desktop":{"background-color":"","background-image":"","background-repeat":"repeat","background-position":"center center","background-size":"auto","background-attachment":"scroll","background-type":"","background-media":"","overlay-type":"","overlay-color":"","overlay-gradient":""},"tablet":{"background-color":"","background-image":"","background-repeat":"repeat","background-position":"center center","background-size":"auto","background-attachment":"scroll","background-type":"","background-media":"","overlay-type":"","overlay-color":"","overlay-gradient":""},"mobile":{"background-color":"","background-image":"","background-repeat":"repeat","background-position":"center center","background-size":"auto","background-attachment":"scroll","background-type":"","background-media":"","overlay-type":"","overlay-color":"","overlay-gradient":""}},"ast-content-background-meta":{"desktop":{"background-color":"var(--ast-global-color-5)","background-image":"","background-repeat":"repeat","background-position":"center center","background-size":"auto","background-attachment":"scroll","background-type":"","background-media":"","overlay-type":"","overlay-color":"","overlay-gradient":""},"tablet":{"background-color":"var(--ast-global-color-5)","background-image":"","background-repeat":"repeat","background-position":"center center","background-size":"auto","background-attachment":"scroll","background-type":"","background-media":"","overlay-type":"","overlay-color":"","overlay-gradient":""},"mobile":{"background-color":"var(--ast-global-color-5)","background-image":"","background-repeat":"repeat","background-position":"center center","background-size":"auto","background-attachment":"scroll","background-type":"","background-media":"","overlay-type":"","overlay-color":"","overlay-gradient":""}},"footnotes":""},"aioseo_notices":[],"_links":{"self":[{"href":"https:\/\/xn--duyapyaynlar-84be.com\/index.php?rest_route=\/wp\/v2\/pages\/863"}],"collection":[{"href":"https:\/\/xn--duyapyaynlar-84be.com\/index.php?rest_route=\/wp\/v2\/pages"}],"about":[{"href":"https:\/\/xn--duyapyaynlar-84be.com\/index.php?rest_route=\/wp\/v2\/types\/page"}],"author":[{"embeddable":true,"href":"https:\/\/xn--duyapyaynlar-84be.com\/index.php?rest_route=\/wp\/v2\/users\/1"}],"replies":[{"embeddable":true,"href":"https:\/\/xn--duyapyaynlar-84be.com\/index.php?rest_route=%2Fwp%2Fv2%2Fcomments&post=863"}],"version-history":[{"count":31,"href":"https:\/\/xn--duyapyaynlar-84be.com\/index.php?rest_route=\/wp\/v2\/pages\/863\/revisions"}],"predecessor-version":[{"id":2041,"href":"https:\/\/xn--duyapyaynlar-84be.com\/index.php?rest_route=\/wp\/v2\/pages\/863\/revisions\/2041"}],"wp:attachment":[{"href":"https:\/\/xn--duyapyaynlar-84be.com\/index.php?rest_route=%2Fwp%2Fv2%2Fmedia&parent=863"}],"curies":[{"name":"wp","href":"https:\/\/api.w.org\/{rel}","templated":true}]}}