{"id":841,"date":"2023-12-06T00:27:53","date_gmt":"2023-12-05T21:27:53","guid":{"rendered":"https:\/\/xn--duyapyaynlar-84be.com\/?page_id=841"},"modified":"2024-01-02T02:25:51","modified_gmt":"2024-01-01T23:25:51","slug":"erzurum-fikralari-ve-meshur-nuktedanlar","status":"publish","type":"page","link":"https:\/\/xn--duyapyaynlar-84be.com\/?page_id=841","title":{"rendered":"Erzurum F\u0131kralar\u0131 ve Me\u015fhur N\u00fcktedanlar"},"content":{"rendered":"\t\t<div data-elementor-type=\"wp-page\" data-elementor-id=\"841\" class=\"elementor elementor-841\">\n\t\t\t\t<div class=\"elementor-element elementor-element-611e341 e-flex e-con-boxed e-con e-parent\" data-id=\"611e341\" data-element_type=\"container\" data-settings=\"{&quot;content_width&quot;:&quot;boxed&quot;}\" data-core-v316-plus=\"true\">\n\t\t\t\t\t<div class=\"e-con-inner\">\n\t\t\t\t<div class=\"elementor-element elementor-element-fa486f0 elementor-widget elementor-widget-heading\" data-id=\"fa486f0\" data-element_type=\"widget\" data-widget_type=\"heading.default\">\n\t\t\t\t<div class=\"elementor-widget-container\">\n\t\t\t<style>\/*! elementor - v3.19.0 - 28-02-2024 *\/\n.elementor-heading-title{padding:0;margin:0;line-height:1}.elementor-widget-heading .elementor-heading-title[class*=elementor-size-]>a{color:inherit;font-size:inherit;line-height:inherit}.elementor-widget-heading .elementor-heading-title.elementor-size-small{font-size:15px}.elementor-widget-heading .elementor-heading-title.elementor-size-medium{font-size:19px}.elementor-widget-heading .elementor-heading-title.elementor-size-large{font-size:29px}.elementor-widget-heading .elementor-heading-title.elementor-size-xl{font-size:39px}.elementor-widget-heading .elementor-heading-title.elementor-size-xxl{font-size:59px}<\/style><h2 class=\"elementor-heading-title elementor-size-default\">Erzurum F\u0131kralar\u0131 ve Me\u015fhur N\u00fcktedanlar\n<\/h2>\t\t<\/div>\n\t\t\t\t<\/div>\n\t\t\t\t\t<\/div>\n\t\t\t\t<\/div>\n\t\t<div class=\"elementor-element elementor-element-7f530bc e-con-full e-flex e-con e-parent\" data-id=\"7f530bc\" data-element_type=\"container\" data-settings=\"{&quot;content_width&quot;:&quot;full&quot;,&quot;background_background&quot;:&quot;classic&quot;}\" data-core-v316-plus=\"true\">\n\t\t<div class=\"elementor-element elementor-element-bd068cd e-con-full e-flex e-con e-child\" data-id=\"bd068cd\" data-element_type=\"container\" data-settings=\"{&quot;content_width&quot;:&quot;full&quot;}\">\n\t\t\t\t<div class=\"elementor-element elementor-element-cc48aa1 elementor-widget elementor-widget-image\" data-id=\"cc48aa1\" data-element_type=\"widget\" data-widget_type=\"image.default\">\n\t\t\t\t<div class=\"elementor-widget-container\">\n\t\t\t<style>\/*! elementor - v3.19.0 - 28-02-2024 *\/\n.elementor-widget-image{text-align:center}.elementor-widget-image a{display:inline-block}.elementor-widget-image a img[src$=\".svg\"]{width:48px}.elementor-widget-image img{vertical-align:middle;display:inline-block}<\/style>\t\t\t\t\t\t\t\t\t\t<img fetchpriority=\"high\" decoding=\"async\" width=\"195\" height=\"300\" src=\"https:\/\/xn--duyapyaynlar-84be.com\/wp-content\/uploads\/2023\/12\/Picture2-195x300.jpg\" class=\"attachment-medium size-medium wp-image-959\" alt=\"\" srcset=\"https:\/\/xn--duyapyaynlar-84be.com\/wp-content\/uploads\/2023\/12\/Picture2-195x300.jpg 195w, https:\/\/xn--duyapyaynlar-84be.com\/wp-content\/uploads\/2023\/12\/Picture2.jpg 480w\" sizes=\"(max-width: 195px) 100vw, 195px\" \/>\t\t\t\t\t\t\t\t\t\t\t\t\t<\/div>\n\t\t\t\t<\/div>\n\t\t\t\t<\/div>\n\t\t<div class=\"elementor-element elementor-element-5236404 e-con-full e-flex e-con e-child\" data-id=\"5236404\" data-element_type=\"container\" data-settings=\"{&quot;content_width&quot;:&quot;full&quot;}\">\n\t\t\t\t<div class=\"elementor-element elementor-element-0f6d232 elementor-widget elementor-widget-text-editor\" data-id=\"0f6d232\" data-element_type=\"widget\" data-widget_type=\"text-editor.default\">\n\t\t\t\t<div class=\"elementor-widget-container\">\n\t\t\t<style>\/*! elementor - v3.19.0 - 28-02-2024 *\/\n.elementor-widget-text-editor.elementor-drop-cap-view-stacked .elementor-drop-cap{background-color:#69727d;color:#fff}.elementor-widget-text-editor.elementor-drop-cap-view-framed .elementor-drop-cap{color:#69727d;border:3px solid;background-color:transparent}.elementor-widget-text-editor:not(.elementor-drop-cap-view-default) .elementor-drop-cap{margin-top:8px}.elementor-widget-text-editor:not(.elementor-drop-cap-view-default) .elementor-drop-cap-letter{width:1em;height:1em}.elementor-widget-text-editor .elementor-drop-cap{float:left;text-align:center;line-height:1;font-size:50px}.elementor-widget-text-editor .elementor-drop-cap-letter{display:inline-block}<\/style>\t\t\t\t<h4><strong><span style=\"font-style: inherit; text-align: var(--text-align); background-color: var(--ast-global-color-4); color: var(--ast-global-color-3);\">Hal\u00fbk Harun DUMAN<\/span><\/strong><\/h4>\n<p><strong>\u0130<\/strong><b>stanbul : DUYAP, 2000, (Vira Matbaas\u0131)<\/b><\/p>\n<p><b>344 s. : Resim; 20 cm<\/b><\/p>\n<p><b>Do\u011fu Anadolu\u2019nun \u00f6nemli k\u00fclt\u00fcr \u015fehirlerinden biri olan Erzurum yakla\u015f\u0131k 6 bin y\u0131ll\u0131k bir tarihe<\/b><b> sahiptir. \u0130pek Yolu\u2019nun \u00f6nemli ge\u00e7i\u015f noktalar\u0131ndan olan Erzurum Osmanl\u0131 D\u00f6neminde ticaret hacmi olarak \u0130stanbul ve \u0130zmir\u2019den sonra \u00fc\u00e7\u00fcnc\u00fc s\u0131rada gelen \u015fehirdir. Erzurum ayn\u0131 zamanda serhat \u015fehri olarak askeri a\u00e7\u0131dan \u00f6nemli konumdad\u0131r. Asya&#8217;dan yola \u00e7\u0131kan bir ordu Erzurum\u2019u ge\u00e7meden Anadolu i\u00e7lerine ula\u015famaz. Bu ticari, <\/b><b>jeo<\/b><b>-stratejik konumunun yan\u0131 s\u0131ra Erzurum s\u00f6zl\u00fc T\u00fcrk k\u00fclt\u00fcr\u00fcn\u00fcn de ba\u015fkentlerinden biridir. T\u00fcrk\u00fcler, halk hikayeleri, maniler, destanlar bu \u015fehirde hayat bulmu\u015f ve y\u00fcz y\u0131llarca dilden dile s\u00f6ylene gelmi\u015ftir. B\u00fct\u00fcn bu zenginliklerin yan\u0131nda Erzurum Mizah y\u00f6n\u00fc ile de g\u00fc\u00e7l\u00fc bir birikime sahiptir. DUYAP Yay\u0131nlar\u0131 aras\u0131nda \u00e7\u0131kan ve k\u0131sa s\u00fcrede 3 bask\u0131 yapan kitapta 400\u2019e yak\u0131n Erzurum f\u0131kras\u0131na yer verilmektedir. Ayr\u0131ca \u015fehirde ya\u015fayan me\u015fhur n\u00fcktedanlar tan\u0131t\u0131lmaktad\u0131r.<\/b><\/p>\n<blockquote>(Sipari\u015f vermek i\u00e7in 0532 722 23 94, sisterduman@yahoo.com.tr)<\/blockquote>\t\t\t\t\t\t<\/div>\n\t\t\t\t<\/div>\n\t\t\t\t<\/div>\n\t\t\t\t<\/div>\n\t\t\t\t<\/div>\n\t\t","protected":false},"excerpt":{"rendered":"<p>Erzurum F\u0131kralar\u0131 ve Me\u015fhur N\u00fcktedanlar Hal\u00fbk Harun DUMAN \u0130stanbul : DUYAP, 2000, (Vira Matbaas\u0131) 344 s. : Resim; 20 cm Do\u011fu Anadolu\u2019nun \u00f6nemli k\u00fclt\u00fcr \u015fehirlerinden biri olan Erzurum yakla\u015f\u0131k 6 bin y\u0131ll\u0131k bir tarihe sahiptir. \u0130pek Yolu\u2019nun \u00f6nemli ge\u00e7i\u015f noktalar\u0131ndan olan Erzurum Osmanl\u0131 D\u00f6neminde ticaret hacmi olarak \u0130stanbul ve \u0130zmir\u2019den sonra \u00fc\u00e7\u00fcnc\u00fc s\u0131rada gelen \u015fehirdir. &hellip;<\/p>\n<p class=\"read-more\"> <a class=\"\" href=\"https:\/\/xn--duyapyaynlar-84be.com\/?page_id=841\"> <span class=\"screen-reader-text\">Erzurum F\u0131kralar\u0131 ve Me\u015fhur N\u00fcktedanlar<\/span> Devam\u0131 &raquo;<\/a><\/p>\n","protected":false},"author":1,"featured_media":0,"parent":0,"menu_order":0,"comment_status":"closed","ping_status":"closed","template":"","meta":{"om_disable_all_campaigns":false,"_monsterinsights_skip_tracking":false,"_monsterinsights_sitenote_active":false,"_monsterinsights_sitenote_note":"","_monsterinsights_sitenote_category":0,"site-sidebar-layout":"no-sidebar","site-content-layout":"page-builder","ast-site-content-layout":"full-width-container","site-content-style":"default","site-sidebar-style":"default","ast-global-header-display":"","ast-banner-title-visibility":"","ast-main-header-display":"","ast-hfb-above-header-display":"","ast-hfb-below-header-display":"","ast-hfb-mobile-header-display":"","site-post-title":"disabled","ast-breadcrumbs-content":"","ast-featured-img":"disabled","footer-sml-layout":"","theme-transparent-header-meta":"","adv-header-id-meta":"","stick-header-meta":"","header-above-stick-meta":"","header-main-stick-meta":"","header-below-stick-meta":"","astra-migrate-meta-layouts":"","ast-page-background-enabled":"default","ast-page-background-meta":{"desktop":{"background-color":"","background-image":"","background-repeat":"repeat","background-position":"center center","background-size":"auto","background-attachment":"scroll","background-type":"","background-media":"","overlay-type":"","overlay-color":"","overlay-gradient":""},"tablet":{"background-color":"","background-image":"","background-repeat":"repeat","background-position":"center center","background-size":"auto","background-attachment":"scroll","background-type":"","background-media":"","overlay-type":"","overlay-color":"","overlay-gradient":""},"mobile":{"background-color":"","background-image":"","background-repeat":"repeat","background-position":"center center","background-size":"auto","background-attachment":"scroll","background-type":"","background-media":"","overlay-type":"","overlay-color":"","overlay-gradient":""}},"ast-content-background-meta":{"desktop":{"background-color":"var(--ast-global-color-5)","background-image":"","background-repeat":"repeat","background-position":"center center","background-size":"auto","background-attachment":"scroll","background-type":"","background-media":"","overlay-type":"","overlay-color":"","overlay-gradient":""},"tablet":{"background-color":"var(--ast-global-color-5)","background-image":"","background-repeat":"repeat","background-position":"center center","background-size":"auto","background-attachment":"scroll","background-type":"","background-media":"","overlay-type":"","overlay-color":"","overlay-gradient":""},"mobile":{"background-color":"var(--ast-global-color-5)","background-image":"","background-repeat":"repeat","background-position":"center center","background-size":"auto","background-attachment":"scroll","background-type":"","background-media":"","overlay-type":"","overlay-color":"","overlay-gradient":""}},"footnotes":""},"aioseo_notices":[],"_links":{"self":[{"href":"https:\/\/xn--duyapyaynlar-84be.com\/index.php?rest_route=\/wp\/v2\/pages\/841"}],"collection":[{"href":"https:\/\/xn--duyapyaynlar-84be.com\/index.php?rest_route=\/wp\/v2\/pages"}],"about":[{"href":"https:\/\/xn--duyapyaynlar-84be.com\/index.php?rest_route=\/wp\/v2\/types\/page"}],"author":[{"embeddable":true,"href":"https:\/\/xn--duyapyaynlar-84be.com\/index.php?rest_route=\/wp\/v2\/users\/1"}],"replies":[{"embeddable":true,"href":"https:\/\/xn--duyapyaynlar-84be.com\/index.php?rest_route=%2Fwp%2Fv2%2Fcomments&post=841"}],"version-history":[{"count":25,"href":"https:\/\/xn--duyapyaynlar-84be.com\/index.php?rest_route=\/wp\/v2\/pages\/841\/revisions"}],"predecessor-version":[{"id":1999,"href":"https:\/\/xn--duyapyaynlar-84be.com\/index.php?rest_route=\/wp\/v2\/pages\/841\/revisions\/1999"}],"wp:attachment":[{"href":"https:\/\/xn--duyapyaynlar-84be.com\/index.php?rest_route=%2Fwp%2Fv2%2Fmedia&parent=841"}],"curies":[{"name":"wp","href":"https:\/\/api.w.org\/{rel}","templated":true}]}}